 prime number?
True
Is 1139461 a prime number?
True
Is 45757 prime?
True
Is 57107 a prime number?
True
Is 47587 a prime number?
False
Is 358 prime?
False
Is 13517 a composite number?
True
Is 21355 a composite number?
True
Is 3448957 a prime number?
True
Is 8083 a prime number?
False
Is 288497 a composite number?
True
Is 12037 composite?
False
Is 9026 composite?
True
Is 42751 prime?
True
Is 327229 a prime number?
False
Is 1800101 prime?
False
Is 311737 composite?
False
Is 80219 a composite number?
True
Is 14387 prime?
True
Is 34469 a prime number?
True
Is 34735 a composite number?
True
Is 16333 a composite number?
False
Is 21353 composite?
True
Is 40943 composite?
True
Is 8501 a composite number?
False
Is 227827 a prime number?
True
Is 272591 composite?
True
Is 884567 prime?
False
Is 310227 a prime number?
False
Is 55439 prime?
True
Is 5357 composite?
True
Is 1451509 prime?
True
Is 225923 a composite number?
True
Is 14173 prime?
True
Is 9501 composite?
True
Is 85 prime?
False
Is 2078 prime?
False
Is 16161 a prime number?
False
Is 343909 a prime number?
False
Is 133919 a prime number?
True
Is 59326 composite?
True
Is 14971 prime?
False
Is 43457 prime?
True
Is 23347 a composite number?
True
Is 8263 a composite number?
False
Is 16603 prime?
True
Is 14923 a composite number?
False
Is 28277 composite?
False
Is 13381 a prime number?
True
Is 136163 composite?
False
Is 18493 a composite number?
False
Is 133801 a composite number?
False
Is 7606 a composite number?
True
Is 1270199 a prime number?
False
Is 57637 composite?
False
Is 19813 a composite number?
False
Is 9637 a prime number?
False
Is 12611 composite?
False
Is 8501 prime?
True
Is 209023 a prime number?
False
Is 2101 prime?
False
Is 3203 prime?
True
Is 5039 a composite number?
False
Is 295541 a prime number?
True
Is 169355 a prime number?
False
Is 6731 prime?
False
Is 19739 prime?
True
Is 150533 a composite number?
False
Is 28781 a prime number?
False
Is 129706 composite?
True
Is 14347 composite?
False
Is 391 a prime number?
False
Is 187111 composite?
False
Is 779333 composite?
True
Is 4303 a composite number?
True
Is 1879667 a prime number?
False
Is 9007 prime?
True
Is 1133459 composite?
False
Is 109567 a composite number?
False
Is 19807 composite?
True
Is 14371 a composite number?
True
Is 1141 prime?
False
Is 81797 a prime number?
False
Is 87197 a prime number?
False
Is 7241 a prime number?
False
Is 6823 a composite number?
False
Is 26485 prime?
False
Is 43159 prime?
True
Is 478571 composite?
False
Is 4559 a prime number?
False
Is 123811 a prime number?
False
Is 247193 prime?
True
Is 30661 a composite number?
False
Is 204202 composite?
True
Is 36187 a prime number?
True
Is 27439 a prime number?
False
Is 17455 prime?
False
Is 31411 composite?
True
Is 4573 a composite number?
True
Is 305839 a composite number?
False
Is 39019 prime?
True
Is 60779 composite?
False
Is 34171 a composite number?
False
Is 68702 a composite number?
True
Is 195823 composite?
True
Is 3943 prime?
True
Is 189463 prime?
True
Is 38083 a composite number?
False
Is 75079 a composite number?
False
Is 12959 composite?
False
Is 3163 prime?
True
Is 55235 a prime number?
False
Is 6733 composite?
False
Is 258721 a prime number?
True
Is 28027 a composite number?
False
Is 22343 composite?
False
Is 5173 composite?
True
Is 14594 prime?
False
Is 250579 composite?
True
Is 52859 prime?
True
Is 2632541 a composite number?
True
Is 20129 composite?
False
Is 5723 composite?
True
Is 167381 a prime number?
True
Is 8031 a prime number?
False
Is 260407 a composite number?
True
Is 6739 a composite number?
True
Is 1185686 a composite number?
True
Is 23486 a composite number?
True
Is 5609 a composite number?
True
Is 199999 composite?
False
Is 2743 prime?
False
Is 407497 prime?
False
Is 36061 a composite number?
False
Is 31618 prime?
False
Is 219571 composite?
True
Is 379718 a prime number?
False
Is 24946 a prime number?
False
Is 31067 a prime number?
False
Is 245471 a prime number?
True
Is 3791 composite?
True
Is 201529 composite?
True
Is 12622 composite?
True
Is 253 composite?
True
Is 1301099 prime?
True
Is 13361 a composite number?
True
Is 202381 prime?
True
Is 2643 a prime number?
False
Is 2063819 composite?
False
Is 14923 composite?
False
Is 88991 composite?
True
Is 150439 a composite number?
False
Is 296315 composite?
True
Is 1327063 composite?
False
Is 333097 a prime number?
True
Is 150463 a prime number?
False
Is 774767 a prime number?
False
Is 34211 a composite number?
False
Is 2333 a composite number?
False
Is 9029 composite?
False
Is 1467023 prime?
False
Is 37079 a prime number?
False
Is 398773 composite?
True
Is 2584243 a composite number?
True
Is 668671 a prime number?
True
Is 35377 composite?
True
Is 1007 prime?
False
Is 1949 a prime number?
True
Is 52951 prime?
True
Is 16145 a prime number?
False
Is 234713 a prime number?
True
Is 429697 composite?
True
Is 764854 composite?
True
Is 19889 prime?
True
Is 4871 a composite number?
False
Is 3691 a composite number?
False
Is 286243 composite?
False
Is 853363 a composite number?
True
Is 51899 prime?
True
Is 2294663 composite?
True
Is 46471 prime?
True
Is 4874 composite?
True
Is 6158 a composite number?
True
Is 188827 prime?
True
Is 98453 a prime number?
True
Is 74701 composite?
True
Is 469731 composite?
True
Is 5879 a prime number?
True
Is 49157 a composite number?
False
Is 3453 composite?
True
Is 549767 a prime number?
True
Is 8779 a prime number?
True
Is 357013 a composite number?
True
Is 6239 a composite number?
True
Is 3164279 a composite number?
True
Is 26067 a composite number?
True
Is 19123 a composite number?
True
Is 515227 a composite number?
False
Is 508315 a composite number?
True
Is 10037 prime?
True
Is 17551 prime?
True
Is 308123 composite?
True
Is 72955 a composite number?
True
Is 3443 a prime number?
False
Is 46633 composite?
False
Is 2053 a prime number?
True
Is 16934 composite?
True
Is 19937 a composite number?
False
Is 979519 a composite number?
False
Is 443605 a composite number?
True
Is 1979 prime?
True
Is 134297 prime?
False
Is 653 a composite number?
False
Is 613703 prime?
False
Is 419719 prime?
False
Is 5890787 a composite number?
True
Is 38721 a composite number?
True
Is 688423 a prime number?
True
Is 195557 prime?
False
Is 91061 a composite number?
True
Is 4259 prime?
True
Is 9719 prime?
True
Is 76421 a composite number?
False
Is 649339 a composite number?
True
Is 641 a composite number?
False
Is 20369 composite?
False
Is 23971 a prime number?
True
Is 3927251 a prime number?
True
Is 9651 composite?
True
Is 251143 prime?
True
Is 172981 a prime number?
True
Is 31303 a prime number?
False
Is 56755 a prime number?
False
Is 14047 a prime number?
False
Is 76207 a prime number?
True
Is 1151 a composite number?
False
Is 34667 a composite number?
False
Is 280897 a composite number?
False
Is 155479 prime?
False
Is 27091 prime?
True
Is 75011 prime?
True
Is 22823 a prime number?
False
Is 1829299 a prime number?
True
Is 226991 prime?
True
Is 10499 a prime number?
True
Is 1333297 a composite number?
True
Is 54241 a prime number?
False
Is 39581 composite?
False
Is 130627 a composite number?
True
Is 96113 a prime number?
False
Is 2227163 a prime number?
True
Is 5753 prime?
False
Is 253135 a prime number?
False
Is 18427 composite?
False
Is 126662 a prime number?
False
Is 50221 a composite number?
False
Is 67621 a composite number?
True
Is 209941 prime?
False
Is 20887 composite?
False
Is 1841 a prime number?
False
Is 9773 a prime number?
False
Is 541 prime?
True
Is 14474 a prime number?
False
Is 6589 prime?
False
Is 754207 a prime number?
True
Is 674 a prime number?
False
Is 1590383 a composite number?
False
Is 77021 a prime number?
False
Is 2861 a composite number?
False
Is 23437 prime?
False
Is 191899 a composite number?
False
Is 24578 a prime number?
False
Is 4559 a composite number?
True
Is 66293 prime?
True
Is 3194 prime?
False
Is 364103 prime?
True
Is 2565227 prime?
False
Is 34597 prime?
False
Is 83203 a prime number?
True
Is 44927 composite?
False
Is 48893 prime?
False
Is 73411 composite?
True
Is 14683 a prime number?
True
Is 296627 a prime number?
True
Is 421802 a prime number?
False
Is 1574 a composite number?
True
Is 21247 a composite number?
False
Is 1170493 composite?
Tr